{"id":168,"date":"2018-08-26T23:22:28","date_gmt":"2018-08-26T23:22:28","guid":{"rendered":"http:\/\/www.ortopedianacional.gratishosting.cl\/?post_type=product&#038;p=168"},"modified":"2018-10-16T15:06:49","modified_gmt":"2018-10-16T15:06:49","slug":"cheetah-xtend","status":"publish","type":"product","link":"https:\/\/ortopedianacional.cl\/index.php\/product\/cheetah-xtend\/","title":{"rendered":"Cheetah Xtend"},"content":{"rendered":"","protected":false},"excerpt":{"rendered":"<p>Pise a toda velocidad con una respuesta c\u00f3moda y c\u00f3moda de principio a fin.<\/p>\n<p>El Cheetah Xtend es el compa\u00f1ero perfecto para los sprints m\u00e1s largos y las carreras de corta distancia (400-5000m). Esta l\u00e1mina de fibra de carbono altamente efectiva tiene una curva continua hacia el dedo del pie que ofrece un giro suave. El dedo m\u00e1s largo y plano mejora el empuje, mientras que el pil\u00f3n flexionado plantar soporta una mejor progresi\u00f3n hacia adelante.<\/p>\n<p>El Nike Spike Pad ha sido dise\u00f1ado exclusivamente para el Cheetah. Proporciona tracci\u00f3n especializada que ha sido optimizada para la pala.<\/p>\n<p>Ahora est\u00e1 disponible un nuevo adaptador de alineaci\u00f3n para el Cheetah para una configuraci\u00f3n m\u00e1s r\u00e1pida y una alineaci\u00f3n m\u00e1s f\u00e1cil con la cuchilla.<\/p>\n","protected":false},"featured_media":755,"comment_status":"closed","ping_status":"closed","template":"","meta":[],"product_cat":[23],"product_tag":[],"class_list":{"0":"post-168","1":"product","2":"type-product","3":"status-publish","4":"has-post-thumbnail","6":"product_cat-protesis-deportivas","8":"first","9":"instock","10":"shipping-taxable","11":"product-type-simple"},"_links":{"self":[{"href":"https:\/\/ortopedianacional.cl\/index.php\/wp-json\/wp\/v2\/product\/168"}],"collection":[{"href":"https:\/\/ortopedianacional.cl\/index.php\/wp-json\/wp\/v2\/product"}],"about":[{"href":"https:\/\/ortopedianacional.cl\/index.php\/wp-json\/wp\/v2\/types\/product"}],"replies":[{"embeddable":true,"href":"https:\/\/ortopedianacional.cl\/index.php\/wp-json\/wp\/v2\/comments?post=168"}],"wp:featuredmedia":[{"embeddable":true,"href":"https:\/\/ortopedianacional.cl\/index.php\/wp-json\/wp\/v2\/media\/755"}],"wp:attachment":[{"href":"https:\/\/ortopedianacional.cl\/index.php\/wp-json\/wp\/v2\/media?parent=168"}],"wp:term":[{"taxonomy":"product_cat","embeddable":true,"href":"https:\/\/ortopedianacional.cl\/index.php\/wp-json\/wp\/v2\/product_cat?post=168"},{"taxonomy":"product_tag","embeddable":true,"href":"https:\/\/ortopedianacional.cl\/index.php\/wp-json\/wp\/v2\/product_tag?post=168"}],"curies":[{"name":"wp","href":"https:\/\/api.w.org\/{rel}","templated":true}]}}