{"id":195,"date":"2018-08-27T02:38:43","date_gmt":"2018-08-27T02:38:43","guid":{"rendered":"http:\/\/www.ortopedianacional.gratishosting.cl\/?post_type=product&#038;p=195"},"modified":"2018-10-16T14:44:47","modified_gmt":"2018-10-16T14:44:47","slug":"rodillera-rom","status":"publish","type":"product","link":"https:\/\/ortopedianacional.cl\/index.php\/product\/rodillera-rom\/","title":{"rendered":"Rodillera Rom"},"content":{"rendered":"","protected":false},"excerpt":{"rendered":"<p>Rodillera de Otto Bock indicada para Inmovilizaci\u00f3n o estabilizaci\u00f3n postquir\u00fargica y postraum\u00e1tica de la rodilla (por ejemplo, despu\u00e9s de lesiones en los ligamentos, intervenciones quir\u00fargicas o luxaciones rotulares)<\/p>\n","protected":false},"featured_media":742,"comment_status":"closed","ping_status":"closed","template":"","meta":[],"product_cat":[20],"product_tag":[],"class_list":{"0":"post-195","1":"product","2":"type-product","3":"status-publish","4":"has-post-thumbnail","6":"product_cat-ortesis-miembro-inferior","8":"first","9":"instock","10":"shipping-taxable","11":"product-type-simple"},"_links":{"self":[{"href":"https:\/\/ortopedianacional.cl\/index.php\/wp-json\/wp\/v2\/product\/195"}],"collection":[{"href":"https:\/\/ortopedianacional.cl\/index.php\/wp-json\/wp\/v2\/product"}],"about":[{"href":"https:\/\/ortopedianacional.cl\/index.php\/wp-json\/wp\/v2\/types\/product"}],"replies":[{"embeddable":true,"href":"https:\/\/ortopedianacional.cl\/index.php\/wp-json\/wp\/v2\/comments?post=195"}],"wp:featuredmedia":[{"embeddable":true,"href":"https:\/\/ortopedianacional.cl\/index.php\/wp-json\/wp\/v2\/media\/742"}],"wp:attachment":[{"href":"https:\/\/ortopedianacional.cl\/index.php\/wp-json\/wp\/v2\/media?parent=195"}],"wp:term":[{"taxonomy":"product_cat","embeddable":true,"href":"https:\/\/ortopedianacional.cl\/index.php\/wp-json\/wp\/v2\/product_cat?post=195"},{"taxonomy":"product_tag","embeddable":true,"href":"https:\/\/ortopedianacional.cl\/index.php\/wp-json\/wp\/v2\/product_tag?post=195"}],"curies":[{"name":"wp","href":"https:\/\/api.w.org\/{rel}","templated":true}]}}