{"id":196,"date":"2018-08-27T02:39:55","date_gmt":"2018-08-27T02:39:55","guid":{"rendered":"http:\/\/www.ortopedianacional.gratishosting.cl\/?post_type=product&#038;p=196"},"modified":"2019-05-09T14:07:14","modified_gmt":"2019-05-09T14:07:14","slug":"plantillas-ortopedicas","status":"publish","type":"product","link":"https:\/\/ortopedianacional.cl\/index.php\/product\/plantillas-ortopedicas\/","title":{"rendered":"Plantillas Ortopedicas"},"content":{"rendered":"","protected":false},"excerpt":{"rendered":"<p>El pie es un mecanismo complejo que puede soportar y absorber el peso corporal, servir de palanca de propulsi\u00f3n y ajustar el contacto del cuerpo con el suelo. Despu\u00e9s de la cirug\u00eda, el periodo de reabsorci\u00f3n del edema del pie es el proceso de curaci\u00f3n m\u00e1s largo.<\/p>\n<p>Los zapatos post-operatorios est\u00e1n dise\u00f1ados para proteger el procedimiento quir\u00fargico y promover la reabsorci\u00f3n del edema. Proporcionan una respuesta adecuada a los diferentes tipos de intervenciones y protocolos.<\/p>\n<p>Como en el caso del zapato de tac\u00f3n invertido, que ayuda a mantener el pie en \u00e1ngulo recto, dise\u00f1ado para superar las deficiencias ambulatorias y concretamente las de los m\u00fasculos elevadores del pie.<\/p>\n","protected":false},"featured_media":779,"comment_status":"closed","ping_status":"closed","template":"","meta":[],"product_cat":[20],"product_tag":[],"class_list":{"0":"post-196","1":"product","2":"type-product","3":"status-publish","4":"has-post-thumbnail","6":"product_cat-ortesis-miembro-inferior","8":"first","9":"instock","10":"shipping-taxable","11":"product-type-simple"},"_links":{"self":[{"href":"https:\/\/ortopedianacional.cl\/index.php\/wp-json\/wp\/v2\/product\/196"}],"collection":[{"href":"https:\/\/ortopedianacional.cl\/index.php\/wp-json\/wp\/v2\/product"}],"about":[{"href":"https:\/\/ortopedianacional.cl\/index.php\/wp-json\/wp\/v2\/types\/product"}],"replies":[{"embeddable":true,"href":"https:\/\/ortopedianacional.cl\/index.php\/wp-json\/wp\/v2\/comments?post=196"}],"wp:featuredmedia":[{"embeddable":true,"href":"https:\/\/ortopedianacional.cl\/index.php\/wp-json\/wp\/v2\/media\/779"}],"wp:attachment":[{"href":"https:\/\/ortopedianacional.cl\/index.php\/wp-json\/wp\/v2\/media?parent=196"}],"wp:term":[{"taxonomy":"product_cat","embeddable":true,"href":"https:\/\/ortopedianacional.cl\/index.php\/wp-json\/wp\/v2\/product_cat?post=196"},{"taxonomy":"product_tag","embeddable":true,"href":"https:\/\/ortopedianacional.cl\/index.php\/wp-json\/wp\/v2\/product_tag?post=196"}],"curies":[{"name":"wp","href":"https:\/\/api.w.org\/{rel}","templated":true}]}}