{"id":289,"date":"2018-09-14T02:34:16","date_gmt":"2018-09-14T02:34:16","guid":{"rendered":"http:\/\/www.ortopedianacional.gratishosting.cl\/?post_type=product&#038;p=289"},"modified":"2018-10-16T14:25:36","modified_gmt":"2018-10-16T14:25:36","slug":"sistema-kiss-lanyard","status":"publish","type":"product","link":"https:\/\/ortopedianacional.cl\/index.php\/product\/sistema-kiss-lanyard\/","title":{"rendered":"Sistema KISS Lanyard"},"content":{"rendered":"","protected":false},"excerpt":{"rendered":"<p>Los sistemas de cord\u00f3n KISS\u00ae son los sistemas de conexi\u00f3n de eje de pr\u00f3xima generaci\u00f3n que reducen espec\u00edficamente los movimientos de rotaci\u00f3n y de elevaci\u00f3n debido a las conexiones de eje a revestimiento distal y proximal. Los sistemas de cord\u00f3n KISS\u00ae son sistemas de recolecci\u00f3n de transbordadores para pacientes con amputaci\u00f3n de muslo. Debido a la conexi\u00f3n distal y proximal del eje y el forro, los sistemas KISS\u00ae reducen los movimientos giratorios y de retracci\u00f3n distal usuales que se utilizan normalmente en los sistemas de retracci\u00f3n normal. Un cintur\u00f3n ancho que lo hace m\u00e1s f\u00e1cil de poner cuando se sienta. Esto lo hace especialmente adecuado para pacientes geri\u00e1tricos y pacientes con movilidad reducida.<\/p>\n","protected":false},"featured_media":734,"comment_status":"closed","ping_status":"closed","template":"","meta":[],"product_cat":[29],"product_tag":[],"class_list":{"0":"post-289","1":"product","2":"type-product","3":"status-publish","4":"has-post-thumbnail","6":"product_cat-sistemas-de-anclaje","8":"first","9":"instock","10":"shipping-taxable","11":"product-type-simple"},"_links":{"self":[{"href":"https:\/\/ortopedianacional.cl\/index.php\/wp-json\/wp\/v2\/product\/289"}],"collection":[{"href":"https:\/\/ortopedianacional.cl\/index.php\/wp-json\/wp\/v2\/product"}],"about":[{"href":"https:\/\/ortopedianacional.cl\/index.php\/wp-json\/wp\/v2\/types\/product"}],"replies":[{"embeddable":true,"href":"https:\/\/ortopedianacional.cl\/index.php\/wp-json\/wp\/v2\/comments?post=289"}],"wp:featuredmedia":[{"embeddable":true,"href":"https:\/\/ortopedianacional.cl\/index.php\/wp-json\/wp\/v2\/media\/734"}],"wp:attachment":[{"href":"https:\/\/ortopedianacional.cl\/index.php\/wp-json\/wp\/v2\/media?parent=289"}],"wp:term":[{"taxonomy":"product_cat","embeddable":true,"href":"https:\/\/ortopedianacional.cl\/index.php\/wp-json\/wp\/v2\/product_cat?post=289"},{"taxonomy":"product_tag","embeddable":true,"href":"https:\/\/ortopedianacional.cl\/index.php\/wp-json\/wp\/v2\/product_tag?post=289"}],"curies":[{"name":"wp","href":"https:\/\/api.w.org\/{rel}","templated":true}]}}